ded by 57.
5
What is the remainder when 88996 is divided by 279?
274
Calculate the remainder when 18208 is divided by 14.
8
Calculate the remainder when 198937 is divided by 49.
46
Calculate the remainder when 1022226 is divided by 340742.
0
What is the remainder when 382397 is divided by 239?
236
Calculate the remainder when 1022 is divided by 510.
2
What is the remainder when 4612 is divided by 103?
80
Calculate the remainder when 1209448 is divided by 22.
20
Calculate the remainder when 20297 is divided by 10139.
19
Calculate the remainder when 11253 is divided by 24.
21
What is the remainder when 122588 is divided by 65?
63
Calculate the remainder when 129 is divided by 117.
12
Calculate the remainder when 1446 is divided by 243.
231
What is the remainder when 3493 is divided by 3473?
20
What is the remainder when 15375 is divided by 61?
3
What is the remainder when 658 is divided by 161?
14
What is the remainder when 695010 is divided by 99287?
1
Calculate the remainder when 32671 is divided by 1361.
7
Calculate the remainder when 2190 is divided by 86.
40
What is the remainder when 50506 is divided by 30?
16
What is the remainder when 5479 is divided by 339?
55
Calculate the remainder when 77886 is divided by 77876.
10
What is the remainder when 247791 is divided by 70?
61
What is the remainder when 12375 is divided by 1374?
9
Calculate the remainder when 53360 is divided by 12.
8
Calculate the remainder when 27917 is divided by 2967.
1214
Calculate the remainder when 177602 is divided by 88793.
16
What is the remainder when 4859 is divided by 2411?
37
Calculate the remainder when 15027 is divided by 342.
321
What is the remainder when 261338 is divided by 73?
71
What is the remainder when 17614 is divided by 33?
25
What is the remainder when 23275 is divided by 404?
247
What is the remainder when 110909 is divided by 110904?
5
What is the remainder when 1072 is divided by 325?
97
Calculate the remainder when 7039 is divided by 2344.
7
What is the remainder when 210412 is divided by 109?
42
Calculate the remainder when 8540 is divided by 77.
70
Calculate the remainder when 31977 is divided by 23.
7
What is the remainder when 2189 is divided by 624?
317
Calculate the remainder when 4390798 is divided by 16.
14
Calculate the remainder when 10726 is divided by 156.
118
Calculate the remainder when 6821757 is divided by 132.
129
Calculate the remainder when 227755 is divided by 119.
108
What is the remainder when 94303 is divided by 3626?
27
Calculate the remainder when 4785 is divided by 342.
339
What is the remainder when 3729 is divided by 301?
117
What is the remainder when 6119 is divided by 2037?
8
Calculate the remainder when 2073 is divided by 880.
313
What is the remainder when 1848 is divided by 48?
24
What is the remainder when 25499 is divided by 8496?
11
Calculate the remainder when 1437687 is divided by 28.
27
Calculate the remainder when 7707 is divided by 550.
7
What is the remainder when 125325 is divided by 112?
109
Calculate the remainder when 5265 is divided by 2540.
185
Calculate the remainder when 15928 is divided by 889.
815
Calculate the remainder when 63939 is divided by 3993.
51
What is the remainder when 5038264 is divided by 498?
496
Calculate the remainder when 1068767 is divided by 24.
23
What is the remainder when 841748 is divided by 168347?
13
What is the remainder when 423659 is divided by 221?
2
Calculate the remainder when 3906 is divided by 84.
42
Calculate the remainder when 2697 is divided by 1716.
981
Calculate the remainder when 475604 is divided by 19.
15
What is the remainder when 2241 is divided by 557?
13
What is the remainder when 60670 is divided by 24?
22
What is the remainder when 9904 is divided by 2476?
0
Calculate the remainder when 30547 is divided by 35.
27
What is the remainder when 119358 is divided by 160?
158
What is the remainder when 51147 is divided by 368?
363
Calculate the remainder when 524 is divided by 110.
84
What is the remainder when 11078 is divided by 66?
56
Calculate the remainder when 5026 is divided by 2336.
354
Calculate the remainder when 468 is divided by 190.
88
What is the remainder when 3208 is divided by 536?
528
What is the remainder when 109192 is divided by 134?
116
What is the remainder when 37655 is divided by 685?
665
What is the remainder when 1366615 is divided by 21?
19
What is the remainder when 26024 is divided by 3252?
8
Calculate the remainder when 1299 is divided by 140.
39
What is the remainder when 1443 is divided by 17?
15
What is the remainder when 11160 is divided by 27?
9
What is the remainder when 90029 is divided by 15004?
5
Calculate the remainder when 129741 is divided by 465.
6
What is the remainder when 579303 is divided by 344?
7
Calculate the remainder when 128803 is divided by 331.
44
Calculate the remainder when 7668 is divided by 265.
248
Calculate the remainder when 225876 is divided by 651.
630
Calculate the remainder when 657974 is divided by 50613.
5
Calculate the remainder when 16145727 is divided by 1929.
1926
Calculate the remainder when 61120 is divided by 19.
16
What is the remainder when 36651 is divided by 12213?
12
What is the remainder when 85936 is divided by 3?
1
What is the remainder when 20778 is divided by 6899?
81
Calculate the remainder when 3664 is divided by 375.
289
Calculate the remainder when 1160824 is divided by 295.
294
Calculate the remainder when 38542 is divided by 174.
88
Calculate the remainder when 67337 is divided by 16.
9
Calculate the remainder when 45728 is divided by 3508.
124
Calculate the remainder when 8771 is divided by 2181.
47
What is the remainder when 8381 is divided by 231?
65
Calculate the remainder when 100372 is divided by 355.
262
What is the remainder when 1936808 is divided by 17?
15
What is the remainder when 2777 is divided by 176?
137
What is the remainder when 5168 is divided by 2563?
42
Calculate the remainder when 2907 is divided by 60.
27
Calculate the remainder when 104594 is divided by 15.
14
Calculate the remainder when 10915 is divided by 24.
19
Calculate the remainder when 7215 is divided by 794.
69
What is the remainder when 12172 is divided by 559?
433
Calculate the remainder when 941359 is divided by 35.
34
What is the remainder when 356124 is divided by 202?
200
Calculate the remainder when 47113 is divided by 396.
385
Calculate the remainder when 265063 is divided by 88353.
4
What is the remainder when 28306 is divided by 981?
838
What is the remainder when 95864 is divided by 67?
54
Calculate the remainder when 100297 is divided by 458.
453
What is the remainder when 244502 is divided by 13?
11
What is the remainder when 2266 is divided by 601?
463
Calculate the remainder when 74014 is divided by 257.
255
What is the remainder when 31567 is divided by 856?
751
Calculate the remainder when 12395 is divided by 914.
513
Calculate the remainder when 554496 is divided by 100.
96
Calculate the remainder when 29013 is divided by 308.
61
Calculate the remainder when 337502 is divided by 26.
22
What is the remainder when 10338 is divided by 5111?
116
What is the remainder when 2605 is divided by 498?
115
Calculate the remainder when 11024 is divided by 14.
6
What is the remainder when 1225213 is divided by 64?
61
Calculate the remainder when 3386 is divided by 717.
518
Calculate the remainder when 211678 is divided by 560.
558
Calculate the remainder when 10490 is divided by 1309.
18
Calculate the remainder when 1339015 is divided by 1548.
1543
Calculate the remainder when 23433 is divided by 1301.
15
Calculate the remainder when 7588 is divided by 3686.
216
What is the remainder when 289390 is divided by 36?
22
Calculate the remainder when 6542 is divided by 65.
42
What is the remainder when 57064 is divided by 57020?
44
Calculate the remainder when 1251 is divided by 26.
3
Calculate the remainder when 96417 is divided by 4382.
13
Calculate the remainder when 13187 is divided by 50.
37
What is the remainder when 1088 is divided by 406?
276
Calculate the remainder when 45495 is divided by 242.
241
What is the remainder when 1428 is divided by 280?
28
Calculate the remainder when 816754 is divided by 174.
172
Calculate the remainder when 7768 is divided by 216.
208
